5). Let p(q) be the first derivative of q**3/3 - 4*q**2 + 14*q - 2. Give p(y).
7
Let c(r) = -r**3 - 22 - 12*r**2 + 12*r + 15 - 11. Suppose -2*z - 2*b - 22 = 0, -4*b - 1 = z + 4. Calculate c(z).
-5
Let b(q) be the third derivative of -q**6/60 - 7*q**5/60 - q**4/12 + 7*q**3/3 - 4073*q**2. What is b(-4)?
38
Let s(z) = z**3 + 9*z**2 + 11*z + 10. Suppose 0 = -3*w + 281 - 305. Calculate s(w).
-14
Suppose -5*v - 176 = 28*v - 11. Let l(f) = f**2 + 3*f + 2. Give l(v).
12
Let o(j) = j**3 - 8*j**2 + 7*j - 6. Suppose 18 = 8*p - 14. Suppose -p*y - 19 = -3. Let d be 255/35 + y/14. Calculate o(d).
-6
Let b(n) = -n**3 + 2*n**2 - 1. Let r(x) = -2*x - 1. Let l be r(0). Let d be b(l). Let p(f) = 5*f + f**d + 6 + 0*f + 4*f - 4. What is p(-6)?
-16
Let i(n) = 7*n**2 + 5*n - 3. Let t(f) = -2 - 6292*f**2 + 6291*f**2 - f + 2. Let o = 16 - 15. Let x(q) = o*i(q) + 4*t(q). Calculate x(-3).
21
Let t(x) = -15*x**3 - 17*x**2 + 22*x + 219. Let m(l) = -38*l**3 - 48*l**2 + 45*l + 439. Let u(b) = 2*m(b) - 5*t(b). Determine u(-11).
3
Let m(q) = -7*q**2 - 6*q + 3. Let y(z) = 102 - 104 + 3*z - 2*z**2 + 6*z**2. Let w(g) = -3*m(g) - 5*y(g). Determine w(-7).
29
Let z(s) be the first derivative of -11*s**3/3 - s**2/2 - s - 685. Give z(1).
-13
Let l be 1070/89 + (-220)/9790. Let g(o) = o**2 - 21*o + 92. Give g(l).
-16
Let q(k) = -8*k + 5*k**2 + 9*k + 38 - 52 - 4*k**2. Let l be q(4). Let i(x) = 1. Let a(t) = 3*t - 3. Let n(u) = -a(u) - 4*i(u). Determine n(l).
-19
Let p(x) be the first derivative of -x**7/840 + x**6/60 + x**5/60 - 7*x**4/24 - 2*x**3/3 - 12*x + 144. Let i(j) be the third derivative of p(j). Determine i(6).
5
Let x be (-20)/12*(923/(-65) - -13). Let r(p) = -4*p**3 + 3*p**2 - 4*p + 5. Determine r(x).
-23
Let o(h) = -2*h + 8. Suppose 2*f + 10 = -l - 3, -1 = 2*l - f. Let c be (-45)/25*(-10)/l. Let n(p) = -p**3 - 5*p**2 + 7*p + 14. Let w be n(c). Determine o(w).
-8
Let d(t) = 18*t**2 - t + 1. Let q = 2159 - 2157. Determine d(q).
71
Let f be 99/(-3 + -8)*(-3)/(-9). Let j(w) = w**3 - 3*w. What is j(f)?
-18
Let v = -33 - -36. Suppose -8*b - 2*t + 8 = -4*b, 0 = -3*b - v*t. Suppose -l = b*l - 30. Let x(g) = g**3 - 7*g**2 + 4*g - 3. What is x(l)?
-15
Let u(h) = -2*h**3 + h**2 + 28*h + h**3 - 29*h. Let z(w) = 4*w**3 - 9*w**2 + 5*w - 1. Let t(q) = -6*u(q) - z(q). Let a be 1/(3/(-2) + 1). Calculate t(a).
-5
Let k(j) = -3*j - 2 + 0*j + 0. Let c be ((-2)/(-7))/((-6)/(-171 + 3)). Let z be 14/3 + (48/(-9))/c. What is k(z)?
-14
Let k(x) be the second derivative of -7*x**3/6 - 9*x**2/2 - 261*x + 2. Calculate k(-2).
5
Let y be 2 - ((2 - 51) + 4). Suppose -48*c = -y*c + 4. Let r(d) = -2*d**2 - d + 2. Give r(c).
-26
Suppose 2*q = 5*u + 13, 2*q + 4*u = 6*u + 22. Let d be 2*(2/(-14))/(4/q). Let p(x) = -x + 0*x - 2 + 1. Calculate p(d).
0
Let c(m) = 9*m**2 + 127*m + 17. Let s be c(-14). Suppose -s*h = 3 - 27. Let w(g) = -g + 5. What is w(h)?
-3
Let m be (-56)/(-35)*5/2. Suppose m*w + w + 22 = -q, -2*q - 3*w = 9. Let c(p) = -p**2 + 4*p - 2. What is c(q)?
1
Let f(z) = -4*z - 9. Let y(n) = n**2 - 13*n - 82. Let b be y(-7). Suppose -156 = 14*h - b. Determine f(h).
19
Let c = -4 + -4. Let q(o) be the second derivative of o**5/20 - o**3/6 + 20*o. Let f(h) = h**3 - 8*h**2 - 3*h - 5. Let t(d) = f(d) - 2*q(d). What is t(c)?
3
Suppose 0 = -4*t - 0*t + 16. Suppose -5*n = -t*o + 18, -2*n = -0*o + o + 15. Let q(l) = -l**2 + 6405*l**3 - 6406*l**3 - 2 - 6*l**2 - 6*l. Give q(n).
-2
Let l(i) = -3*i**2 + 8*i + 38. Let s be l(-3). Let t be ((-5)/15)/((65/60)/s). Let z(k) = -k**3 + 4*k**2 + 2*k - 5. What is z(t)?
3
Let o(u) = 31*u**2 + 28*u**2 + 24*u**2 - 102*u**2 + 15*u + 28*u**2 - 13. Let g(t) = 7*t - 7 + t**2 + 1 + 3*t**2. Let h(a) = -13*g(a) + 6*o(a). Give h(-1).
3
Suppose -3*a = 3*a + 5*a. Let r(t) = t**3 - 2*t**2 + t - 7. Calculate r(a).
-7
Let u(k) = k**2 + 2 + 103*k + 2*k**2 + 4 - 103*k. Let m(q) be the second derivative of q**4/6 + 5*q**2/2 + 2*q. Let z(h) = -6*m(h) + 5*u(h). What is z(1)?
3
Let j(v) = -v + 11. Let f(k) = 4*k**2 - k + 5. Let u be f(-4). Let s = -289 - -354. Let z = u - s. Determine j(z).
3
Let p(a) be the third derivative of a**5/30 - 5*a**4/3 + 125*a**3/6 - 4584*a**2. What is p(16)?
-3
Suppose -35 = -2*b - c, 0 = -7*b + 5*b - 2*c + 36. Let s(u) = -u**2 + 17*u - 28. Calculate s(b).
-28
Let s(i) = -448 + 0*i + 233 + 3*i + 223. What is s(-4)?
-4
Let p(c) = c - 3. Suppose -2*k - 848 = -10*y + 8*y, 2*k - 2141 = -5*y. Let g = y - 424. Calculate p(g).
0
Let a(c) be the second derivative of c**3/2 - c**2 - 2*c. Let o be 7*((-4)/(-7) + -1 - (-2)/(-14)). What is a(o)?
-14
Let i be 105/(-25) - ((-132)/10 + (2 - -11)). Let r(u) be the third derivative of u**6/120 + u**5/12 + u**4/6 - u**3/3 - u**2. Give r(i).
-2
Let d(o) = 10*o + 7. Let z be d(-8). Let l = z - -75. Let p(y) = -13*y + 7*y**3 - 3*y**2 + y**3 + 14*y + l*y**2. Determine p(1).
8
Let q(t) be the second derivative of -t**6/120 + t**5/30 + t**4/8 - 19*t**2 + 10*t. Let g(a) be the first derivative of q(a). Give g(-2).
10
Suppose -3*u = -2*o - 79 + 23, o - 12 = -u. Let w be ((-12)/u)/((-3)/8). Suppose -w*f + 7*f - 15 = 0. Let c(t) = t**2 + 2*t + 1. Calculate c(f).
16
Let w be 5 + (7 + 7 - 6). Let b(s) = -5*s**3 - 20*s**2 + 13*s - 11. Let t(c) = -14*c**3 - 59*c**2 + 39*c - 32. Let l(x) = -17*b(x) + 6*t(x). What is l(w)?
-5
Let k(j) be the first derivative of -j**4/4 + 8*j**3/3 - 26*j - 5890. Calculate k(9).
-107
Let r be -3*41/(-39) - (-18)/(-117). Suppose 2*l + 0*s + 4 = 2*s, -r*l = s + 26. Let n(x) = x**3 + 8*x**2 + 8*x - 2. Give n(l).
-9
Suppose 3*l = 2*y - 23, -3*l - 32 = -l + 2*y. Let g be 9 + l + (-1 - -24). Let h(d) = 2*d**2 + 19 - g + 0*d**2 - 3*d**2 + d. Give h(2).
-4
Suppose -26 - 3 + 149 = -20*a. Let c(m) = -9*m - 45. Calculate c(a).
9
Let y(h) = h**3 + 6*h**2 + 4*h - 4. Let q be y(-5). Let u(w) = 54*w**2 + 1 - 9*w**3 - 23*w**2 - 24*w**2 - 9*w**2. What is u(q)?
-10
Let r(j) = 2*j. Let i(s) = s**2 + 20*s + 5. Let u be i(-6). Let w = u + 91. Let a be 2/w - (-2 - (-75)/18). Give r(a).
-4
Let q(s) be the third derivative of 5*s**2 + 0*s - 7/24*s**4 + 0 + 1/40*s**5 + 1/360*s**6 - 2*s**3. Let n(l) be the first derivative of q(l). Calculate n(-5).
3
Let x = 178 - 175. Suppose -x*w + 7*w - 20 = 0, -5*j = -2*w - 55. Let a(z) = -z + 17. Calculate a(j).
4
Let x(m) = -m + 2 + 3 - 2*m + 2*m. Let w(c) be the first derivative of 15*c**2/2 - 11*c - 107. Let p be w(1). Calculate x(p).
1
Let m(f) = -9*f**2 + 15*f + 9. Let j(b) = -1 - 4 - 7*b + 5*b**2 - 2*b**2 + b**2. Let l(u) = -7*j(u) - 3*m(u). What is l(5)?
3
Let s(b) be the second derivative of b**5/20 + 5*b**4/12 + 11*b**3/6 + 13*b**2 - 4*b + 67. Determine s(-4).
-2
Let u(w) = w**3 - 25*w**2 + 46*w + 14. Let p = -5087 + 5110. Give u(p).
14
Let d(n) be the third derivative of -282*n**2 + 1/6*n**3 - 7/24*n**4 + 0 + 0*n. Calculate d(1).
-6
Suppose 4*x + 14*q - 10*q - 16 = 0, -6 = 2*x - 5*q. Let m be 2/(-6) - (-26)/6. Let y(v) = v**x - 8*v + v**3 - 2*v**2 + 6 - m*v**2. What is y(6)?
-6
Let a(b) = 3*b**2 - 8*b - 22. Let w(q) = q**2 - 3*q - 8. Let p(l) = -4*a(l) + 11*w(l). Let r(i) = -2*i**2 - i + 1. Let y(s) = 2*p(s) - 2*r(s). What is y(-2)?
6
Let h(q) = -q**3 + 8*q**2 - 10*q + 3. Suppose 2*d + o = 6, -4*o = -2*d - 2*d. Suppose -i - 2*v + 1 = -2, -d = v. Calculate h(i).
-18
Suppose -26 + 10 = -5*q - 2*c, -2 = -2*q - 3*c. Suppose -11 = -q*p + 5*b, -p - 4*b = -9*b + 1. Let w(o) = -10*o - p*o - 5 + 12*o. Calculate w(-4).
3
Let t be (18/27 - 0)*3. Let r(p) = 4 + 15*p**2 + 10*p**2 + 10*p**2 + 8*p**2 - 11*p - 42*p**t. What is r(6)?
-26
Suppose 7 = -2*q + 3*s - 2, 2*s - 4 = 2*q. Let x(l) be the second derivative of -l**4/12 + 2*l**2 + 5235*l. Give x(q).
-5
Let f(l) = -43*l**3 + 4*l + 123*l**3 + 6*l**2 - 40*l**3 - 41*l**3 + 2. Give f(7).
-19
Let t(u) = -7*u - 43. Let z = 3235 + -3240. Give t(z).
-8
Let s be ((-2)/6)/(-9 - 1316/(-147)). Let i(b) = b + 1. Let w(h) = h - 10. Let p be 2/6 - (-4)/6. Let n(m) = p*i(m) + w(m). Give n(s).
5
Let l(z) = 10*z**3 - 2*z + 1. Let k be 6/(-12)*4 - -6. Suppose -4*u - 2*c + 0 = 2, 8 = -4*u - k*c. What is l(u)?
9
Let d(h) = 11*h**3 - 13*h**2 - 18*h - 23. Let t(c) = 2*c**3 - 4*c**2 - 2*c - 1. Let f(x) = d(x) - 5*t(x). Give f(-8).
-18
Let u = -20333 - -20341. Let k(d) = -7*d + 7. Determine k(u).
-49
Let j(g) = 7*g**2 - 1. Suppose 3*q - 12 = 0, k + 2*q - 18 = -4*k. Let t be ((-2